 Let y be (-73)/t + (-1)/4. What is the greatest common divisor of 12 and y?
6
Let q(d) = d**3 + 4*d**2 - 8*d - 10. Let y be q(-4). What is the greatest common factor of 44 and y?
22
Let l be 14/6*1*48. Let s be 4/(-18) - l/(-18). Let y be (-4)/14 + (-90)/(-21). What is the highest common factor of y and s?
2
Let d be 47/7 + 2/7. Calculate the greatest common factor of d and 63.
7
Suppose 0 = -4*s + o + 82, -3*s - 12 = -2*o - 71. What is the greatest common factor of 189 and s?
21
Let x(u) = -2*u + 11. Let k be x(-8). Suppose -3*c = 26 + 31. Let i = k + c. Calculate the greatest common divisor of i and 2.
2
Suppose 6 = -2*r + 7*r + 4*l, 4 = -4*l. Let a(w) = 2*w**2 - 2*w + 5. Let z be a(r). What is the highest common factor of z and 45?
9
Let t(h) = -h**3 + 5*h**2 - 2*h - 4. Let v be t(3). Suppose 3*x = -r + 97, x + 261 = -3*r + 6*r. Calculate the greatest common factor of v and r.
8
Let w(i) = 11*i - 1. Let r be w(1). Suppose 6 = 2*h - 34. Calculate the greatest common divisor of r and h.
10
Suppose -2*p = -i - 9, i - 12 = -4*p - p. What is the greatest common divisor of p and 6?
3
Suppose 3*t - 24 = t. Let a(g) be the second derivative of -18*g**3 + 2*g. Let x be a(-1). What is the greatest common divisor of x and t?
12
Let l = -4 - -4. Let k be l*(-2 + (-5)/(-2)). Suppose k = 2*o + 4*b - 38, 3*o - 38 = o + 5*b. Calculate the greatest common factor of o and 152.
19
Suppose 25*y - 11*y - 784 = 0. Suppose 4*o - 32 = -2*p, -4*p - 3*o + 22 + 37 = 0. Calculate the highest common factor of y and p.
14
Suppose 67 = -3*p + 508. Let q(a) = -3*a + 6. Let f be q(-5). What is the greatest common factor of p and f?
21
Suppose -2*u + 46 + 54 = 0. Let i = -18 - -53. Suppose -5*l + i = -5*t, 2*l - 4*t + 62 = 7*l. Calculate the greatest common divisor of l and u.
10
Let a = 22 + -11. What is the greatest common divisor of 1 and a?
1
Let f be (0 + 2/(-2))*0. Suppose l + 2*l - 147 = f. Suppose 10 = 5*t - 4*t - k, 4*t + 5*k - l = 0. Calculate the highest common factor of 11 and t.
11
Suppose 3*l - 8 = l. Suppose 0 = l*k + 4*b - 40, -7*k + 3*b = -3*k - 26. What is the greatest common factor of 64 and k?
8
Let m(o) = o - 2. Let i be m(4). Let f = -29 - -35. Calculate the highest common factor of i and f.
2
Let c = -261 - -371. Let z be (-11)/((-15)/(-6) + -3). Calculate the highest common factor of z and c.
22
Let a(s) = -7*s - 3. Let g be a(5). Let r = 25 - g. What is the highest common divisor of 7 and r?
7
Let l(t) = t**3 - 2*t. Let s be l(2). Suppose -s*y + 6 = -6. Suppose 0 = r - 2 - y. Calculate the greatest common divisor of r and 1.
1
Let g be -35*((-3)/(-1) + -4). What is the highest common factor of 35 and g?
35
Suppose 24 = -b + 4*b. Let j = b + 7. Suppose 360 = 4*y + 5*x, 4*x = 6*x. What is the greatest common factor of y and j?
15
Let l = 130 + -76. Suppose 14*a + a - 270 = 0. What is the highest common factor of a and l?
18
Let k be 87/(-15) - (-2)/(-10). Let v be (-256)/k + (-4)/6. What is the highest common divisor of 28 and v?
14
Suppose 2*t + 360 = 8*t. Let o = -5 - -11. What is the greatest common divisor of t and o?
6
Let b = 106 + -103. Calculate the greatest common factor of b and 21.
3
Let r = 5 - -1. Let p be ((-27)/r)/(2/(-4)). What is the highest common factor of 9 and p?
9
Let s(u) = -u**3 - 5*u**2 + 8*u + 9. Let p be s(-7). What is the greatest common divisor of 17 and p?
17
Let j(w) = -27*w. Let p be (-4)/18 + (-29)/(-9). Let f be -2 - ((-6)/p)/2. Let x be j(f). Calculate the greatest common divisor of x and 9.
9
Let y(t) = -16*t - 1. Let h be y(2). Let j be h*4/(-30)*5. What is the highest common divisor of 66 and j?
22
Suppose z - 16 = -z. Calculate the greatest common factor of z and 2.
2
Suppose 0 = 7*r - 4*r - 54. Calculate the greatest common factor of 72 and r.
18
Let w = 90 - 60. Let v = -51 + 31. Let u = v + w. Calculate the greatest common divisor of 4 and u.
2
Suppose -3*t - 5*y = -53 - 136, 0 = -2*t - 3*y + 125. Calculate the highest common factor of 29 and t.
29
Let a(d) = -d**3 - 4*d**2 - d - 5. Let t be a(-5). What is the highest common divisor of 25 and t?
25
Suppose 4*i = -r + 379, 8*i - 465 = 3*i - 3*r. Calculate the greatest common divisor of i and 12.
12
Let u = 5 + -1. Let j = -8 - -10. Let t = j - -2. Calculate the highest common factor of t and u.
4
Let q(m) = -m**3 - 11*m**2 - 13*m. Let u be q(-10). Suppose 0 = -h + u + 42. Calculate the highest common factor of 8 and h.
8
Let r(u) = -u**3 + u + 7. Let b be r(0). What is the greatest common factor of b and 56?
7
Suppose 76 = 13*u - 28. What is the greatest common divisor of u and 8?
8
Suppose 0 = -2*l - 0*l + 60. Let v = l + -14. Let c = 67 + -27. Calculate the highest common factor of v and c.
8
Let i(j) = -2*j - 12. Let h be i(-8). Suppose -2*w = -h*t - 104, 4*t + t = 2*w - 100. Calculate the greatest common factor of 24 and w.
12
Let j = 84 + -39. What is the greatest common divisor of j and 360?
45
Let y = -3 + 27. What is the highest common factor of 8 and y?
8
Let w(n) = -6*n - 1. Let t = -4 + 3. Let x be w(t). Suppose x*b + f - 305 = 0, -b = -5*b + 2*f + 230. Calculate the greatest common divisor of b and 10.
10
Suppose -184 = 5*z - 3*v - 747, -4*z - 3*v + 472 = 0. What is the greatest common factor of z and 46?
23
Let i be 450/21 - (-18)/(-42). What is the highest common factor of 14 and i?
7
Suppose -3 + 23 = 2*r. What is the greatest common divisor of 50 and r?
10
Let x(g) = g**3 - 17*g**2 + 21. Let n be x(17). What is the highest common divisor of 35 and n?
7
Let z = -7 + -11. Let f be z/63 - (-135)/7. Let o = 269 - 98. What is the highest common divisor of o and f?
19
Let w be (4/3)/(5/315). Calculate the highest common factor of w and 12.
12
Let c be ((-52)/(-12))/(1/(-3)). Let i = c + 21. Let d = i - 2. Calculate the greatest common divisor of d and 54.
6
Let j = -4 - -35. Calculate the highest common factor of 31 and j.
31
Suppose 3*r - 20 + 5 = 0. Let z = 34 - -21. What is the highest common factor of z and r?
5
Suppose 442 = 4*d - t, 2*d = -2*t + 4*t + 224. What is the greatest common factor of 22 and d?
22
Suppose 4*l + 2*k - 148 = 0, -3*l - 170 = -8*l + 5*k. Suppose -2*s + l = s. Calculate the greatest common divisor of 4 and s.
4
Let n(q) = q**2 - q + 3. Let s be n(0). Suppose -l - o + 27 = 4*l, s = -o. Calculate the highest common factor of 2 and l.
2
Let s be 6/4*(-14)/(-3). Let g(z) = -z**2 + 6*z + 2. Let d be g(6). Suppose d*w - 133 + 21 = 0. What is the highest common divisor of w and s?
7
Let g = -187 - -190. What is the highest common factor of 2 and g?
1
Let l be (1*3)/((-3)/(-135)). Suppose 4*k - 2*k = -4*n + 72, -n = 5*k - l. Calculate the greatest common divisor of k and 39.
13
Let f = 48 - 32. Let i(v) = -v**3 + 8*v**2 + 10*v - 8. Let k be i(8). Let g = k + -40. What is the highest common factor of g and f?
16
Suppose 440 = -u + 3*u. Calculate the highest common factor of u and 20.
20
Suppose 6*q - 4*q = 3*b + 57, 4*b = -5*q + 154. What is the greatest common divisor of q and 75?
15
Suppose 0 = -b + 4*y - 3*y, 2*b - 20 = -3*y. Let z be -3 + (b - (-1)/1). Let p = -4 + 22. Calculate the highest common divisor of p and z.
2
Let g(c) = -c. Let r(a) = a + 3. Let o(t) = 4*g(t) + r(t). Let p be o(-4). What is the highest common factor of p and 10?
5
Suppose 8*x - 135 = -23. Calculate the greatest common divisor of 70 and x.
14
Suppose w - 3*w + 3*z + 78 = 0, -3*w + 117 = 5*z. Let x(l) = -l**2 + 4. Let h be x(0). Let y be h/(-14) + 93/7. What is the greatest common factor of y and w?
13
Let w be -1*-1*8 + 0. Suppose 4*t = 0, w*t - 3*t + 24 = 2*m. What is the highest common factor of 12 and m?
12
Suppose -4*u - 25 = -4*d + d, 4*u = -2*d + 10. Suppose 0 = o - 4*o + 189. Calculate the highest common factor of d and o.
7
Let b be (-20)/6*(-165)/22. What is the highest common factor of b and 225?
25
Let y = 50 - 20. Calculate the highest common divisor of y and 15.
15
Let j be 6/18 + (-29)/(-3). Let o(c) = c**2 - 9*c - 1. Let i be o(j). Suppose 5*n - 20 + 5 = 0. Calculate the highest common factor of i and n.
3
Let t be 70/3 + 7/(-21). What is the highest common divisor of 184 and t?
23
Let i be (-11)/(-3) - 18/27. Suppose 0 = 2*k - 4, -i*l = -3*k + k - 479. Calculate the greatest common divisor of 23 and l.
23
Let y = -53 + 70. Calculate